{"id":15,"date":"2018-03-06T23:35:02","date_gmt":"2018-03-06T23:35:02","guid":{"rendered":"http:\/\/ac-service.cz\/?page_id=15"},"modified":"2026-04-16T07:40:18","modified_gmt":"2026-04-16T06:40:18","slug":"o-nas","status":"publish","type":"page","link":"https:\/\/ac-service.cz\/","title":{"rendered":"O n\u00e1s"},"content":{"rendered":"\n<header class=\"entry-header\">\n<script type=\"text\/javascript\" data-cmp-ab=\"1\" src=\"https:\/\/cdn.consentmanager.net\/delivery\/autoblocking\/c2df9ba2a2071.js\" data-cmp-host=\"b.delivery.consentmanager.net\" data-cmp-cdn=\"cdn.consentmanager.net\" data-cmp-codesrc=\"16\"><\/script>\n<h2><img loading=\"lazy\" decoding=\"async\" class=\"aligncenter size-large wp-image-141\" src=\"https:\/\/ac-service.cz\/wp-content\/uploads\/2018\/03\/Logo-bez-pozad\u00ed-1024x278.png\" alt=\"\" width=\"640\" height=\"174\" srcset=\"https:\/\/ac-service.cz\/wp-content\/uploads\/2018\/03\/Logo-bez-pozad\u00ed-1024x278.png 1024w, https:\/\/ac-service.cz\/wp-content\/uploads\/2018\/03\/Logo-bez-pozad\u00ed-300x81.png 300w, https:\/\/ac-service.cz\/wp-content\/uploads\/2018\/03\/Logo-bez-pozad\u00ed-768x209.png 768w, https:\/\/ac-service.cz\/wp-content\/uploads\/2018\/03\/Logo-bez-pozad\u00ed.png 1252w\" sizes=\"auto, (max-width: 640px) 100vw, 640px\" \/><\/h2>\n<p>Dobr\u00fd den,<\/p>\n<\/header>\n\n\n\n<div class=\"wp-block-group\"><div class=\"wp-block-group__inner-container is-layout-flow wp-block-group-is-layout-flow\">\n<div class=\"entry-content\">\n<p>v\u00edt\u00e1me V\u00e1s na str\u00e1nk\u00e1ch spole\u010dnosti AC-SERVICE.cz. Zab\u00fdv\u00e1me se kompletn\u00ed dod\u00e1vkou, mont\u00e1\u017e\u00ed a zprovozn\u011bn\u00edm klimatizac\u00ed a tepeln\u00fdch \u010derpadel na kl\u00ed\u010d do V\u00e1mi po\u017eadovan\u00e9ho prostoru. Zaji\u0161\u0165ujeme z\u00e1ru\u010dn\u00ed i poz\u00e1ru\u010dn\u00ed servis klimatiza\u010dn\u00edch za\u0159\u00edzen\u00ed a tepeln\u00fdch \u010derpadel.<\/p>\n<p><span style=\"text-decoration: underline;\">Na\u0161e \u010dinnosti:<\/span><\/p>\n<ul>\n<li>Dod\u00e1vka a mont\u00e1\u017e klimatizac\u00ed a tepeln\u00fdch \u010derpadel renomovan\u00fdch zna\u010dek<\/li>\n<li>Opravy klimatiza\u010dn\u00edch za\u0159\u00edzen\u00ed<\/li>\n<li>Pravideln\u00e9 servisn\u00ed prohl\u00eddky a \u010di\u0161t\u011bn\u00ed klimatiza\u010dn\u00edch za\u0159\u00edzen\u00ed za pou\u017eit\u00ed specializovan\u00fdch \u010dist\u00edc\u00edch prost\u0159edk\u016f<\/li>\n<li>Prov\u00e1d\u00edme kontroly t\u011bsnosti chlad\u00edc\u00edch okruh\u016f u chlad\u00edc\u00edch a klimatiza\u010dn\u00edch za\u0159\u00edzen\u00ed dle na\u0159\u00edzen\u00ed \u010d. 517\/2014 o F-plynech<\/li>\n<li>Jsme certifikovan\u00ed partne\u0159i pro instalaci a servis LG klimatizac\u00ed a tepeln\u00fdch \u010derpadel<\/li>\n<\/ul>\n<p>P\u016fsob\u00edme v regionech \u00dasteck\u00fd kraj, Praha a St\u0159edn\u00ed \u010cechy.<\/p>\n\n<p>Nev\u00e1hejte n\u00e1s kontaktovat, r\u00e1di V\u00e1m vypracujeme bezplatnou cenovou nab\u00eddku.<\/p>\n<h2 style=\"text-align: center;\">tel.: 792 255 679<\/h2>\n<h2 style=\"text-align: center;\">e-mail: <a href=\"mailto:info@ac-service.cz\">info@ac-service.cz<\/a><\/h2>\n<p>&nbsp;<\/p>\n<\/div>\n<\/div><\/div>\n\n\n<div class=\"wp-block-image\">\n<figure class=\"aligncenter\"><img loading=\"lazy\" decoding=\"async\" width=\"1024\" height=\"512\" src=\"https:\/\/ac-service.cz\/wp-content\/uploads\/2022\/04\/RAC-ARTCOOL-06-1-Less-Noise-D-1024x512.png\" alt=\"\" class=\"wp-image-490\" srcset=\"https:\/\/ac-service.cz\/wp-content\/uploads\/2022\/04\/RAC-ARTCOOL-06-1-Less-Noise-D-1024x512.png 1024w, https:\/\/ac-service.cz\/wp-content\/uploads\/2022\/04\/RAC-ARTCOOL-06-1-Less-Noise-D-300x150.png 300w, https:\/\/ac-service.cz\/wp-content\/uploads\/2022\/04\/RAC-ARTCOOL-06-1-Less-Noise-D-768x384.png 768w, https:\/\/ac-service.cz\/wp-content\/uploads\/2022\/04\/RAC-ARTCOOL-06-1-Less-Noise-D-1536x768.png 1536w, https:\/\/ac-service.cz\/wp-content\/uploads\/2022\/04\/RAC-ARTCOOL-06-1-Less-Noise-D.png 1600w\" sizes=\"auto, (max-width: 1024px) 100vw, 1024px\" \/><\/figure>\n<\/div>\n\n\n<p class=\"has-text-align-center\">Jsme autorizovan\u00fd dodavatel klimatizac\u00ed a tepeln\u00fdch \u010derpadel zn.<\/p>\n\n\n<div class=\"wp-block-image\">\n<figure class=\"aligncenter size-large is-resized\"><img loading=\"lazy\" decoding=\"async\" width=\"1024\" height=\"558\" src=\"https:\/\/ac-service.cz\/wp-content\/uploads\/2018\/03\/logo-LG_c_flat_hor_tag-1024x558.png\" alt=\"\" class=\"wp-image-145\" style=\"width:316px;height:auto\" srcset=\"https:\/\/ac-service.cz\/wp-content\/uploads\/2018\/03\/logo-LG_c_flat_hor_tag-1024x558.png 1024w, https:\/\/ac-service.cz\/wp-content\/uploads\/2018\/03\/logo-LG_c_flat_hor_tag-300x164.png 300w, https:\/\/ac-service.cz\/wp-content\/uploads\/2018\/03\/logo-LG_c_flat_hor_tag-768x419.png 768w, https:\/\/ac-service.cz\/wp-content\/uploads\/2018\/03\/logo-LG_c_flat_hor_tag.png 1055w\" sizes=\"auto, (max-width: 1024px) 100vw, 1024px\" \/><\/figure>\n<\/div>\n\n\n<p class=\"has-text-align-center\">Mezi dal\u0161\u00ed n\u00e1mi dod\u00e1van\u00e9 zna\u010dky klimatizac\u00ed pat\u0159\u00ed:<\/p>\n\n\n<div class=\"wp-block-image\">\n<figure class=\"aligncenter is-resized\"><img loading=\"lazy\" decoding=\"async\" width=\"1024\" height=\"384\" src=\"https:\/\/ac-service.cz\/wp-content\/uploads\/2018\/03\/Logo-Toshiba-1024x384.png\" alt=\"\" class=\"wp-image-147\" style=\"width:224px;height:auto\" srcset=\"https:\/\/ac-service.cz\/wp-content\/uploads\/2018\/03\/Logo-Toshiba-1024x384.png 1024w, https:\/\/ac-service.cz\/wp-content\/uploads\/2018\/03\/Logo-Toshiba-300x113.png 300w, https:\/\/ac-service.cz\/wp-content\/uploads\/2018\/03\/Logo-Toshiba-768x288.png 768w, https:\/\/ac-service.cz\/wp-content\/uploads\/2018\/03\/Logo-Toshiba.png 2000w\" sizes=\"auto, (max-width: 1024px) 100vw, 1024px\" \/><\/figure>\n<\/div>\n\n\n<p class=\"has-text-align-center\">Na\u0161e spole\u010dnost je \u010dlenem Svazu chlad\u00edc\u00ed a klimatiza\u010dn\u00ed techniky.<\/p>\n\n\n<div class=\"wp-block-image\">\n<figure class=\"aligncenter is-resized\"><img loading=\"lazy\" decoding=\"async\" width=\"230\" height=\"219\" src=\"https:\/\/ac-service.cz\/wp-content\/uploads\/2020\/09\/CHKT.png\" alt=\"\" class=\"wp-image-294\" style=\"aspect-ratio:1.05;width:97px;height:auto\"\/><\/figure>\n<\/div>\n\n\n<div class=\"wp-block-group\"><div class=\"wp-block-group__inner-container is-layout-constrained wp-block-group-is-layout-constrained\">\n<div class=\"wp-block-columns are-vertically-aligned-center is-layout-flex wp-container-core-columns-is-layout-9d6595d7 wp-block-columns-is-layout-flex\">\n<div class=\"wp-block-column is-vertically-aligned-center is-layout-flow wp-block-column-is-layout-flow\" style=\"flex-basis:100%\">\n<pre class=\"wp-block-code has-theme-palette-9-background-color has-background\"><code><a href=\"https:\/\/www.firmy.cz\/detail\/13193817-ac-service-cz-most.html#hodnoceni\" target=\"_blank\" rel=\"noopener\"><img decoding=\"async\" src=\"https:\/\/www.firmy.cz\/img-stars\/light-13193817.svg\" alt=\"AC-SERVICE.cz na Firmy.cz\"><\/a><\/code><\/pre>\n<\/div>\n<\/div>\n<\/div><\/div>\n","protected":false},"excerpt":{"rendered":"<p>Dobr\u00fd den, v\u00edt\u00e1me V\u00e1s na str\u00e1nk\u00e1ch spole\u010dnosti AC-SERVICE.cz. Zab\u00fdv\u00e1me se kompletn\u00ed dod\u00e1vkou, mont\u00e1\u017e\u00ed a zprovozn\u011bn\u00edm klimatizac\u00ed a tepeln\u00fdch \u010derpadel na kl\u00ed\u010d do V\u00e1mi po\u017eadovan\u00e9ho prostoru. Zaji\u0161\u0165ujeme z\u00e1ru\u010dn\u00ed i poz\u00e1ru\u010dn\u00ed servis klimatiza\u010dn\u00edch za\u0159\u00edzen\u00ed a tepeln\u00fdch \u010derpadel. Na\u0161e \u010dinnosti: Dod\u00e1vka a mont\u00e1\u017e klimatizac\u00ed a tepeln\u00fdch \u010derpadel renomovan\u00fdch zna\u010dek Opravy klimatiza\u010dn\u00edch za\u0159\u00edzen\u00ed Pravideln\u00e9 servisn\u00ed prohl\u00eddky a \u010di\u0161t\u011bn\u00ed klimatiza\u010dn\u00edch&#8230;<\/p>\n","protected":false},"author":1,"featured_media":0,"parent":0,"menu_order":0,"comment_status":"closed","ping_status":"closed","template":"","meta":{"_kad_post_transparent":"","_kad_post_title":"","_kad_post_layout":"","_kad_post_sidebar_id":"","_kad_post_content_style":"","_kad_post_vertical_padding":"","_kad_post_feature":"","_kad_post_feature_position":"","_kad_post_header":false,"_kad_post_footer":false,"footnotes":""},"class_list":["post-15","page","type-page","status-publish","hentry"],"_links":{"self":[{"href":"https:\/\/ac-service.cz\/index.php?rest_route=\/wp\/v2\/pages\/15","targetHints":{"allow":["GET"]}}],"collection":[{"href":"https:\/\/ac-service.cz\/index.php?rest_route=\/wp\/v2\/pages"}],"about":[{"href":"https:\/\/ac-service.cz\/index.php?rest_route=\/wp\/v2\/types\/page"}],"author":[{"embeddable":true,"href":"https:\/\/ac-service.cz\/index.php?rest_route=\/wp\/v2\/users\/1"}],"replies":[{"embeddable":true,"href":"https:\/\/ac-service.cz\/index.php?rest_route=%2Fwp%2Fv2%2Fcomments&post=15"}],"version-history":[{"count":109,"href":"https:\/\/ac-service.cz\/index.php?rest_route=\/wp\/v2\/pages\/15\/revisions"}],"predecessor-version":[{"id":912,"href":"https:\/\/ac-service.cz\/index.php?rest_route=\/wp\/v2\/pages\/15\/revisions\/912"}],"wp:attachment":[{"href":"https:\/\/ac-service.cz\/index.php?rest_route=%2Fwp%2Fv2%2Fmedia&parent=15"}],"curies":[{"name":"wp","href":"https:\/\/api.w.org\/{rel}","templated":true}]}}