{"id":24,"date":"2018-03-06T23:37:17","date_gmt":"2018-03-06T23:37:17","guid":{"rendered":"http:\/\/ac-service.cz\/?page_id=24"},"modified":"2026-04-12T17:37:23","modified_gmt":"2026-04-12T16:37:23","slug":"kontakt","status":"publish","type":"page","link":"https:\/\/ac-service.cz\/?page_id=24","title":{"rendered":"Kontakt"},"content":{"rendered":"<p><script type=\"text\/javascript\" data-cmp-ab=\"1\" src=\"https:\/\/cdn.consentmanager.net\/delivery\/autoblocking\/c2df9ba2a2071.js\" data-cmp-host=\"b.delivery.consentmanager.net\" data-cmp-cdn=\"cdn.consentmanager.net\" data-cmp-codesrc=\"16\"><\/script><\/p>\n\n\n<p>Ing. Daniel Jan\u00ed\u010dek &#8211; AC-SERVICE.cz<\/p>\n\n\n\n<p>I\u010c: 06920497, DI\u010c: CZ7905182769<\/p>\n\n\n\n<p>S\u00eddlo: ul. T\u00e1borit\u016f 2220\/10, 434 01 &nbsp;Most<\/p>\n\n\n\n<p>Provozovna: ul. R\u016f\u017eov\u00e1 2070\/33, 434 01 &nbsp;Most<\/p>\n\n\n\n<p>\u010d. bankovn\u00edho \u00fa\u010dtu: 249948702\/0600<\/p>\n\n\n\n<p>e-mail: <a href=\"mailto:info@ac-service.cz\">info@ac-service.cz<\/a><\/p>\n\n\n\n<p>tel: 792 255 679<\/p>\n\n\n\n<p>Mapa:<\/p>\n\n\n\n<div class=\"wp-block-columns is-layout-flex wp-container-core-columns-is-layout-9d6595d7 wp-block-columns-is-layout-flex\">\n<div class=\"wp-block-column is-layout-flow wp-block-column-is-layout-flow\" style=\"flex-basis:100%\">\n<iframe loading=\"lazy\" width=\"640\" height=\"420\" src=\"https:\/\/frame.mapy.cz\/zakladni?x=13.6552022222&#038;y=50.4969838889&#038;z=17&#038;source=firm&#038;id=13193817&#038;widgetFirmy=13193817\" style=\"border: none;\" frameborder=\"0\"><\/iframe>\n<\/div>\n<\/div>\n\n\n\n<p><span style=\"text-decoration: underline;\"><strong>Opr\u00e1vn\u011bn\u00ed a certifik\u00e1ty:<\/strong><\/span><\/p>\n\n\n<div class=\"wp-block-image\">\n<figure class=\"aligncenter is-resized\"><img loading=\"lazy\" decoding=\"async\" width=\"724\" height=\"1024\" src=\"https:\/\/ac-service.cz\/wp-content\/uploads\/2021\/12\/Daniel-Jan\u00ed\u010dek-\u017dL-2-724x1024.png\" alt=\"\" class=\"wp-image-338\" style=\"width:418px;height:auto\" srcset=\"https:\/\/ac-service.cz\/wp-content\/uploads\/2021\/12\/Daniel-Jan\u00ed\u010dek-\u017dL-2-724x1024.png 724w, https:\/\/ac-service.cz\/wp-content\/uploads\/2021\/12\/Daniel-Jan\u00ed\u010dek-\u017dL-2-212x300.png 212w, https:\/\/ac-service.cz\/wp-content\/uploads\/2021\/12\/Daniel-Jan\u00ed\u010dek-\u017dL-2-768x1086.png 768w, https:\/\/ac-service.cz\/wp-content\/uploads\/2021\/12\/Daniel-Jan\u00ed\u010dek-\u017dL-2.png 1240w\" sizes=\"auto, (max-width: 724px) 100vw, 724px\" \/><\/figure>\n<\/div>\n\n\n<p class=\"has-text-align-center\">\u017divnostensk\u00fd list<\/p>\n\n\n\n<p class=\"has-text-align-center\">Opr\u00e1vn\u011bn\u00ed Ministerstva \u017dP \u010cR &#8211; Certifik\u00e1t kategorie I<\/p>\n\n\n<div class=\"wp-block-image\">\n<figure class=\"aligncenter is-resized\"><img loading=\"lazy\" decoding=\"async\" width=\"724\" height=\"1024\" src=\"https:\/\/ac-service.cz\/wp-content\/uploads\/2021\/12\/M\u017dP-certifik\u00e1t-1-724x1024.png\" alt=\"\" class=\"wp-image-339\" style=\"width:418px;height:auto\" srcset=\"https:\/\/ac-service.cz\/wp-content\/uploads\/2021\/12\/M\u017dP-certifik\u00e1t-1-724x1024.png 724w, https:\/\/ac-service.cz\/wp-content\/uploads\/2021\/12\/M\u017dP-certifik\u00e1t-1-212x300.png 212w, https:\/\/ac-service.cz\/wp-content\/uploads\/2021\/12\/M\u017dP-certifik\u00e1t-1-768x1086.png 768w, https:\/\/ac-service.cz\/wp-content\/uploads\/2021\/12\/M\u017dP-certifik\u00e1t-1.png 1654w\" sizes=\"auto, (max-width: 724px) 100vw, 724px\" \/><\/figure>\n<\/div>\n\n<div class=\"wp-block-image\">\n<figure class=\"aligncenter is-resized\"><img loading=\"lazy\" decoding=\"async\" width=\"724\" height=\"1024\" src=\"https:\/\/ac-service.cz\/wp-content\/uploads\/2021\/12\/M\u017dP-certifik\u00e1t-2-724x1024.png\" alt=\"\" class=\"wp-image-340\" style=\"width:422px;height:auto\" srcset=\"https:\/\/ac-service.cz\/wp-content\/uploads\/2021\/12\/M\u017dP-certifik\u00e1t-2-724x1024.png 724w, https:\/\/ac-service.cz\/wp-content\/uploads\/2021\/12\/M\u017dP-certifik\u00e1t-2-212x300.png 212w, https:\/\/ac-service.cz\/wp-content\/uploads\/2021\/12\/M\u017dP-certifik\u00e1t-2-768x1086.png 768w, https:\/\/ac-service.cz\/wp-content\/uploads\/2021\/12\/M\u017dP-certifik\u00e1t-2.png 1654w\" sizes=\"auto, (max-width: 724px) 100vw, 724px\" \/><\/figure>\n<\/div>\n\n\n<p class=\"has-text-align-center\"><\/p>\n\n\n\n<p class=\"has-text-align-center\">Osv\u011bd\u010den\u00ed o z\u00edsk\u00e1n\u00ed profesn\u00ed kvalifikace &#8211; Instalat\u00e9r soustav s tepeln\u00fdmi \u010derpadly<\/p>\n\n\n<div class=\"wp-block-image\">\n<figure class=\"aligncenter is-resized\"><img loading=\"lazy\" decoding=\"async\" width=\"745\" height=\"1024\" src=\"https:\/\/ac-service.cz\/wp-content\/uploads\/2021\/12\/Osv\u011bd\u010den\u00ed-o-z\u00edsk\u00e1n\u00ed-PK-1-745x1024.png\" alt=\"\" class=\"wp-image-342\" style=\"width:427px;height:auto\" srcset=\"https:\/\/ac-service.cz\/wp-content\/uploads\/2021\/12\/Osv\u011bd\u010den\u00ed-o-z\u00edsk\u00e1n\u00ed-PK-1-745x1024.png 745w, https:\/\/ac-service.cz\/wp-content\/uploads\/2021\/12\/Osv\u011bd\u010den\u00ed-o-z\u00edsk\u00e1n\u00ed-PK-1-218x300.png 218w, https:\/\/ac-service.cz\/wp-content\/uploads\/2021\/12\/Osv\u011bd\u010den\u00ed-o-z\u00edsk\u00e1n\u00ed-PK-1-768x1055.png 768w, https:\/\/ac-service.cz\/wp-content\/uploads\/2021\/12\/Osv\u011bd\u010den\u00ed-o-z\u00edsk\u00e1n\u00ed-PK-1.png 1638w\" sizes=\"auto, (max-width: 745px) 100vw, 745px\" \/><\/figure>\n<\/div>\n\n<div class=\"wp-block-image\">\n<figure class=\"aligncenter size-large is-resized\"><img loading=\"lazy\" decoding=\"async\" width=\"745\" height=\"1024\" src=\"https:\/\/ac-service.cz\/wp-content\/uploads\/2021\/12\/Osv\u011bd\u010den\u00ed-o-z\u00edsk\u00e1n\u00ed-PK-2-745x1024.png\" alt=\"\" class=\"wp-image-343\" style=\"width:428px;height:auto\" srcset=\"https:\/\/ac-service.cz\/wp-content\/uploads\/2021\/12\/Osv\u011bd\u010den\u00ed-o-z\u00edsk\u00e1n\u00ed-PK-2-745x1024.png 745w, https:\/\/ac-service.cz\/wp-content\/uploads\/2021\/12\/Osv\u011bd\u010den\u00ed-o-z\u00edsk\u00e1n\u00ed-PK-2-218x300.png 218w, https:\/\/ac-service.cz\/wp-content\/uploads\/2021\/12\/Osv\u011bd\u010den\u00ed-o-z\u00edsk\u00e1n\u00ed-PK-2-768x1055.png 768w, https:\/\/ac-service.cz\/wp-content\/uploads\/2021\/12\/Osv\u011bd\u010den\u00ed-o-z\u00edsk\u00e1n\u00ed-PK-2.png 1638w\" sizes=\"auto, (max-width: 745px) 100vw, 745px\" \/><\/figure>\n<\/div>\n\n\n<p class=\"has-text-align-center\"><\/p>\n\n\n\n<p class=\"has-text-align-center\">Certifik\u00e1t o odborn\u00e9 zp\u016fsobilosti LG Electronics<\/p>\n\n\n\n<details class=\"wp-block-details is-layout-flow wp-block-details-is-layout-flow\"><summary><\/summary><div class=\"wp-block-image\">\n<figure class=\"aligncenter size-large is-resized\"><img loading=\"lazy\" decoding=\"async\" width=\"724\" height=\"1024\" src=\"https:\/\/ac-service.cz\/wp-content\/uploads\/2025\/05\/Servisni-partner-Therma-V-2024-724x1024.png\" alt=\"\" class=\"wp-image-745\" style=\"width:365px\"\/><\/figure>\n<\/div><\/details>\n\n\n<div class=\"wp-block-image\">\n<figure class=\"aligncenter size-large is-resized\"><img loading=\"lazy\" decoding=\"async\" width=\"702\" height=\"1024\" src=\"https:\/\/ac-service.cz\/wp-content\/uploads\/2025\/05\/Navrh-Therma-V-2024-702x1024.png\" alt=\"\" class=\"wp-image-744\" style=\"width:362px\"\/><\/figure>\n<\/div>\n\n<div class=\"wp-block-image\">\n<figure class=\"aligncenter size-large is-resized\"><img loading=\"lazy\" decoding=\"async\" width=\"1024\" height=\"724\" src=\"https:\/\/ac-service.cz\/wp-content\/uploads\/2026\/04\/2025-certifikat-instalace-RAC-a-CAC-1024x724.jpg\" alt=\"\" class=\"wp-image-893\" style=\"width:622px;height:auto\" srcset=\"https:\/\/ac-service.cz\/wp-content\/uploads\/2026\/04\/2025-certifikat-instalace-RAC-a-CAC-1024x724.jpg 1024w, https:\/\/ac-service.cz\/wp-content\/uploads\/2026\/04\/2025-certifikat-instalace-RAC-a-CAC-300x212.jpg 300w, https:\/\/ac-service.cz\/wp-content\/uploads\/2026\/04\/2025-certifikat-instalace-RAC-a-CAC-768x543.jpg 768w, https:\/\/ac-service.cz\/wp-content\/uploads\/2026\/04\/2025-certifikat-instalace-RAC-a-CAC-1536x1085.jpg 1536w, https:\/\/ac-service.cz\/wp-content\/uploads\/2026\/04\/2025-certifikat-instalace-RAC-a-CAC-2048x1447.jpg 2048w\" sizes=\"auto, (max-width: 1024px) 100vw, 1024px\" \/><\/figure>\n<\/div>\n\n<p style=\"text-align: center;\">Certifik\u00e1t poji\u0161t\u011bn\u00ed odpov\u011bdnosti za \u00fajmu<\/p>\n\n<div class=\"wp-block-image\">\n<figure class=\"aligncenter size-large is-resized\"><img loading=\"lazy\" decoding=\"async\" width=\"724\" height=\"1024\" src=\"https:\/\/ac-service.cz\/wp-content\/uploads\/2022\/03\/Certifikat-pojisteni-odpovednosti-1-724x1024.png\" alt=\"\" class=\"wp-image-386\" style=\"width:362px;height:512px\" srcset=\"https:\/\/ac-service.cz\/wp-content\/uploads\/2022\/03\/Certifikat-pojisteni-odpovednosti-1-724x1024.png 724w, https:\/\/ac-service.cz\/wp-content\/uploads\/2022\/03\/Certifikat-pojisteni-odpovednosti-1-212x300.png 212w, https:\/\/ac-service.cz\/wp-content\/uploads\/2022\/03\/Certifikat-pojisteni-odpovednosti-1-768x1086.png 768w, https:\/\/ac-service.cz\/wp-content\/uploads\/2022\/03\/Certifikat-pojisteni-odpovednosti-1-1087x1536.png 1087w, https:\/\/ac-service.cz\/wp-content\/uploads\/2022\/03\/Certifikat-pojisteni-odpovednosti-1.png 1240w\" sizes=\"auto, (max-width: 724px) 100vw, 724px\" \/><\/figure>\n<\/div>\n\n\n<p><\/p>\n\n\n","protected":false},"excerpt":{"rendered":"<p>Ing. Daniel Jan\u00ed\u010dek &#8211; AC-SERVICE.cz I\u010c: 06920497, DI\u010c: CZ7905182769 S\u00eddlo: ul. T\u00e1borit\u016f 2220\/10, 434 01 &nbsp;Most Provozovna: ul. R\u016f\u017eov\u00e1 2070\/33, 434 01 &nbsp;Most \u010d. bankovn\u00edho \u00fa\u010dtu: 249948702\/0600 e-mail: info@ac-service.cz tel: 792 255 679 Mapa: Opr\u00e1vn\u011bn\u00ed a certifik\u00e1ty: \u017divnostensk\u00fd list Opr\u00e1vn\u011bn\u00ed Ministerstva \u017dP \u010cR &#8211; Certifik\u00e1t kategorie I Osv\u011bd\u010den\u00ed o z\u00edsk\u00e1n\u00ed profesn\u00ed kvalifikace &#8211; Instalat\u00e9r soustav&#8230;<\/p>\n","protected":false},"author":1,"featured_media":0,"parent":0,"menu_order":6,"comment_status":"closed","ping_status":"closed","template":"","meta":{"_kad_post_transparent":"","_kad_post_title":"","_kad_post_layout":"","_kad_post_sidebar_id":"","_kad_post_content_style":"","_kad_post_vertical_padding":"","_kad_post_feature":"","_kad_post_feature_position":"","_kad_post_header":false,"_kad_post_footer":false,"footnotes":""},"class_list":["post-24","page","type-page","status-publish","hentry"],"_links":{"self":[{"href":"https:\/\/ac-service.cz\/index.php?rest_route=\/wp\/v2\/pages\/24","targetHints":{"allow":["GET"]}}],"collection":[{"href":"https:\/\/ac-service.cz\/index.php?rest_route=\/wp\/v2\/pages"}],"about":[{"href":"https:\/\/ac-service.cz\/index.php?rest_route=\/wp\/v2\/types\/page"}],"author":[{"embeddable":true,"href":"https:\/\/ac-service.cz\/index.php?rest_route=\/wp\/v2\/users\/1"}],"replies":[{"embeddable":true,"href":"https:\/\/ac-service.cz\/index.php?rest_route=%2Fwp%2Fv2%2Fcomments&post=24"}],"version-history":[{"count":58,"href":"https:\/\/ac-service.cz\/index.php?rest_route=\/wp\/v2\/pages\/24\/revisions"}],"predecessor-version":[{"id":895,"href":"https:\/\/ac-service.cz\/index.php?rest_route=\/wp\/v2\/pages\/24\/revisions\/895"}],"wp:attachment":[{"href":"https:\/\/ac-service.cz\/index.php?rest_route=%2Fwp%2Fv2%2Fmedia&parent=24"}],"curies":[{"name":"wp","href":"https:\/\/api.w.org\/{rel}","templated":true}]}}